e greatest common divisor of r and 12?
4
Suppose -d + 2*d - 13 = 0. What is the greatest common factor of d and 13?
13
Let d(u) = u**3 + 11*u**2 + u + 17. Let i be d(-11). What is the greatest common factor of 48 and i?
6
Let h be 1/2 + 28/8. Suppose m - h*v - 17 = -2*v, 5*m - v = 67. Suppose 0 = 3*x, -3*i + 3*x + m + 20 = 0. Calculate the greatest common divisor of 33 and i.
11
Let c be ((-2)/(-3))/((-8)/(-132)). Let u(s) = 2*s**3 - 6*s**2 + 4*s + 1. Let p be u(5). What is the highest common divisor of c and p?
11
Let b = 21 - 9. Suppose 176 = 5*f - 124. Calculate the greatest common divisor of b and f.
12
Suppose -130 = -38*u + 33*u. Let x be (-4)/(-8) - 50/(-4). What is the highest common factor of x and u?
13
Let q = 8 + -5. Let g(d) = 15*d. Let h be g(q). What is the highest common divisor of h and 5?
5
Suppose 0*b = -b. Suppose b = -4*o - 0*o. Suppose o*s = s - 18. What is the highest common factor of s and 2?
2
Let t be (-2)/4*4/2. Let z be t + 4/(-3)*-69. Let a be 102/8 - 1/(-4). What is the greatest common divisor of a and z?
13
Let x be 379 + (1 + -1 - 1). Let n = -38 - -40. Suppose -n*c - c = -x. Calculate the highest common divisor of c and 14.
14
Let k(o) = o**3 - 6*o**2 - 7*o + 5. Let n = -42 + 19. Let p be (-10)/15 + n/(-3). Let y be k(p). What is the greatest common divisor of 35 and y?
5
Let x = -172 + 276. What is the highest common divisor of 8 and x?
8
Let w(l) = -4*l + 38. Let i be w(8). What is the greatest common factor of i and 6?
6
Suppose -j + 6*j - 130 = 0. Suppose -3*z + 7*z = 52. Calculate the greatest common divisor of z and j.
13
Suppose -4*w + 9*w = 10. Suppose b + 9 = 3*j + w, 3*j = -5*b + 19. Suppose j*d - 51 = -15. Calculate the highest common divisor of d and 6.
6
Let o be (-1)/(-3) - 11/(-3). Suppose o*p + 4*x - 16 = 0, -5*p + 4*x - 2*x + 48 = 0. Calculate the greatest common divisor of 56 and p.
8
Suppose -4*i - i + 40 = 0. Let b = -11 - -51. Calculate the greatest common factor of i and b.
8
Let s(n) = 60*n**3 + n**2 - n. Let q be s(1). Suppose -4*c = c - q. Let d be (-4)/(-10) + (-298)/(-5). What is the highest common factor of d and c?
12
Suppose -4*s = s - 235. Let u = -23 + s. What is the highest common factor of u and 36?
12
Let t = -53 + 75. Let s = t + -18. What is the highest common factor of 44 and s?
4
Suppose -8*f + 30 = -6*f. Let z be 0 + 0 + -1 + f. What is the highest common factor of z and 21?
7
Let r(s) = -s**2 + 16*s - 10. Let y be r(14). Calculate the greatest common factor of y and 24.
6
Let w be (2/(-1) - -3)*14. Calculate the highest common factor of 98 and w.
14
Let u = -2 - -1. Let l be u*(0 - -1) - -6. Suppose 0 = -z + 4*k - l + 15, 6 = -3*k. What is the greatest common divisor of z and 8?
2
Let f be -1*(2 + 1) + 21. Calculate the highest common divisor of 6 and f.
6
Let r(o) = o + 22. Let d be r(0). What is the highest common factor of 11 and d?
11
Suppose 7*n - 36 = 118. Let l = -19 + 74. What is the greatest common factor of l and n?
11
Let u be ((-66)/55)/(3/20). Let p = 24 + u. What is the highest common divisor of 48 and p?
16
Let l(c) = 14*c**2 - 4*c + 1. Let b be l(-4). Let q = b + -161. What is the greatest common divisor of q and 10?
10
Let w = 78 - 56. What is the greatest common divisor of 176 and w?
22
Let u = -9 - -14. Let q be 95 - 6 - (u + -1). Calculate the highest common factor of q and 34.
17
Suppose -2*l = -5*z - 43, -4*l = 4*z - 2*z - 98. What is the highest common factor of l and 192?
24
Suppose l - 27 = 2*g + 3*g, -5*g = 3*l + 19. Suppose l*k = -3*k + 50. What is the greatest common factor of k and 10?
10
Let r(t) = -4*t**3 - t**2 - 2*t - 1. Let p be r(-2). Let g = -22 + p. What is the greatest common factor of g and 99?
9
Let a = -821 + 1262. Calculate the greatest common factor of a and 63.
63
Let q = -17 + 32. Let h be 5/((q/6)/5). What is the highest common divisor of h and 40?
10
Let k be ((-33)/2)/((-4)/8). Let x = -5 - -8. Calculate the greatest common factor of x and k.
3
Let f be (-1 - -2)/((-2)/(-4)). Let i(o) = -4 + 0*o + f*o + 7*o. Let h be i(3). Calculate the greatest common divisor of h and 23.
23
Let w(d) = 6*d + 220. Let u be w(0). What is the greatest common divisor of u and 20?
20
Suppose 2 = -3*n + 4*u + 9, -1 = n + 2*u. Let b be 4 + -2 - -7*2. Let f = b - 7. What is the greatest common divisor of f and n?
1
Let h be 207*3/18*-3*-2. What is the highest common divisor of 23 and h?
23
Let y be ((2 - -3) + -1)*1. Let x be -7*1/((-35)/20). What is the greatest common factor of y and x?
4
Let m(z) = z + 10. Let a be m(-7). Suppose 6*q = 3*q - 6, -q = -a*c + 29. Suppose 37 + c = 2*y. Calculate the highest common divisor of y and 23.
23
Let r = 178 + -52. Let f = r - 70. Let o(p) = p**2 + 6*p + 8. Let x be o(-6). What is the greatest common divisor of f and x?
8
Let j = 66 + -35. Let p be -4 + j + -2*1. What is the greatest common divisor of p and 75?
25
Let f = 64 - 45. Let s be (-1 - 0)*-5 - 0. Suppose -5*y = -3*d + 176, s*y - 3*y = -2. What is the greatest common divisor of f and d?
19
Suppose 5*p - 128 = 3*p. Suppose 5*k = 3*k + p. Calculate the highest common divisor of 4 and k.
4
Let z(b) = b**3 - 4*b**2 + 1. Let d be z(7). What is the greatest common factor of 37 and d?
37
Let w be 4*5 + 7 + -5. Let x be 0 + w + 2/1. Suppose 3*b + 21 = d, 3*b = -3*d + 148 - 25. Calculate the highest common factor of d and x.
12
Let f be 1/4*6*2. Let a = f - 2. Suppose 2*p - 2*b - 3 = a, 0 = 2*p - 3*b. Calculate the highest common factor of p and 18.
6
Suppose 0 = s - 3*u - 10, 2*s - 5*u = -2*u + 32. Suppose 8*q = 4*q + 44. Calculate the highest common factor of s and q.
11
Let y = -43 + 78. Calculate the highest common divisor of 5 and y.
5
Suppose 0*m = -2*m + 8. Let p = -34 - -62. What is the highest common factor of p and m?
4
Suppose 6*d = d + 270. What is the highest common factor of 36 and d?
18
Let g = -15 - -10. Let f(r) = 5*r + 4*r**2 - 5 - 2*r - r**2. Let l be f(g). Calculate the highest common factor of 11 and l.
11
Let p(x) = x**2 - x + 10. Let g be p(0). What is the highest common factor of 25 and g?
5
Suppose -2*q + y + 5 = 0, y - 4 + 18 = 5*q. Let a(m) = 2 - 3 + 3*m + 4. Let t be a(q). What is the highest common divisor of t and 18?
6
Suppose -5*y = -2*z + 24, -2*z - y - 2*y + 24 = 0. Let j = -35 + 59. What is the highest common factor of z and j?
12
Let y(r) = -3*r**3 - r**2 + r - 2. Let n be y(-2). Let j = 17 + 23. Calculate the highest common factor of j and n.
8
Let w = 26 + -11. What is the greatest common factor of w and 60?
15
Suppose 0*u - 4*u + 100 = 0. Suppose u = 4*x + x. Calculate the highest common factor of x and 1.
1
Suppose -2*g = -44 + 4. Let z(k) = -4 + 3*k**3 - 6*k**2 + 0*k - 2*k - 4*k**3 - 4. Let p be z(-6). Calculate the greatest common factor of g and p.
4
Let d be (3 - -6)*(-4)/(-6). Let h be (9/d + -2)*-102. Calculate the highest common divisor of h and 17.
17
Let w = 50 - 29. Suppose -42 = -2*d + u, -u = 4*d - 5*d + 21. Calculate the highest common divisor of d and w.
21
Let l(t) = t**3 - 3*t**2 - 9*t + 16. Let v be l(8). Calculate the highest common divisor of v and 33.
33
Suppose -7*g = -3*g. Suppose -5*w + 285 + 115 = g. What is the greatest common factor of w and 16?
16
Let j be 46/12 - 8/(-48). What is the highest common divisor of 20 and j?
4
Suppose 6*j - 220 = 4*j. Calculate the highest common factor of j and 10.
10
Let q be 4/(-3) - (-6)/(-9). Let m be ((-4)/10)/(q/100). Calculate the highest common factor of 30 and m.
10
Let l be 1/3 - (-500)/12. Calculate the highest common divisor of 63 and l.
21
Let n be ((-3)/2)/((-2)/12). Let t(f) = f**3 + 4*f**2 - 6*f - 4. Let p be t(-5). Let u be p + -1 + 2 - 1. Calculate the highest common divisor of n and u.
1
Suppose -4*v = a - 6*a + 45, -a = -5*v - 30. Let q(p) = 3*p + 3. Let y be q(4). Let o = y - 0. What is the greatest common factor of o and a?
5
Suppose 856 = 15*a - 1604. Calculate the greatest common divisor of 41 and a.
41
Suppose -301*f + 78 = -295*f. Let n = 4 + -1. Suppose 0*t - 39 = -n*t. What is the highest common factor of f and t?
13
Let m be 3/(-2 + 5)*-1. Let r(h) = -10*h. Let p be r(m). Let o be ((-3)/(-2))/(6/80). What is the greatest common divisor of o and p?
10
Let j = 6 - 3. Suppose 160 = j*s + s. Calculate the greatest common divisor of 